6 + 97092. Calculate the remainder when g is divided by c.
10
Suppose -243*i + 247*i = 35812. What is the remainder when i is divided by 11?
10
Suppose a = -15*a - 80. Let v be (-90)/(-36)*(-246)/a. Suppose -197 = -16*x + v. Calculate the remainder when x is divided by 3.
2
Suppose g - 32 = -g. Suppose -226*h - 5616 = -232*h. Suppose h = 11*p + p. Calculate the remainder when p is divided by g.
14
Suppose -2*p + 64 = 2*o, -o - 4*p = -12 - 8. Calculate the remainder when 1043 is divided by o.
35
Calculate the remainder when 509 is divided by 2*(-19)/(304/(-184)).
3
Suppose -204*a - 9377 + 69149 = 0. Calculate the remainder when 955 is divided by a.
76
Suppose -402588 - 327348 = -548*y. Calculate the remainder when y is divided by 29.
27
Let q(d) = -d**3 - 11*d**2 + 7*d - 22. Let c be q(-8). Let p = 514 + c. What is the remainder when p is divided by 13?
10
Suppose 4*j - 22 + 2 = 0. Let n = -90220 + 90523. Calculate the remainder when n is divided by j.
3
Let b(h) = -h + 25. Let d be 13*(-2 + 3/3). Let o be b(d). Let p = o + -16. What is the remainder when p is divided by 13?
9
Let l(s) be the second derivative of s**4/4 + s**3/6 - 9*s**2/2 + 24*s. What is the remainder when l(-6) is divided by 14?
9
Let a = 437 + -436. What is the remainder when 385 is divided by -8 + 13 + -2 + a?
1
Suppose 5*t - 387 = 48. Let n = 145 + -165. What is the remainder when t is divided by 16/(n/(-5)) - 26/(-1)?
27
Suppose -7 + 3 = p. Let t be p + (4 - 3) + 0 + 4. What is the remainder when 13 is divided by 7*1 - ((t - -6) + -7)?
6
What is the remainder when 1 + 32/96 + 5990/3 is divided by 77?
73
Suppose -593 = 83*r - 3550 - 778. Suppose 0 = -2*x + 3*y + y, 4*y - 42 = -5*x. Calculate the remainder when r is divided by x.
3
Suppose -357*m + 11384 = -7537. Calculate the remainder when 89 is divided by m.
36
Suppose 0 = u - 3*u + 10. Suppose u*y - 798 - 237 = 0. What is the remainder when y is divided by 15?
12
Let k = -142 - -309. Let j = 176 - k. Let p = 111 + -50. Calculate the remainder when p is divided by j.
7
Let n be (1*2 + 18/(-9))/2. Suppose n = 15*x - 7*x - 264. Calculate the remainder when x is divided by ((24/(-7))/2)/(8/(-56)).
9
Suppose 0 = 3*k - 1 - 23. Suppose 4*n = 4*l - 28, 36*n = -4*l + 37*n + 16. Suppose l*g + 20 = k*g. Calculate the remainder when 10 is divided by g.
2
Let s be (-273)/(-637) + (-39)/(-7). Suppose 42 = 2*u - 4*g, 0 = 4*u + 5*g - s*g - 105. What is the remainder when 42 is divided by u?
15
Suppose 190 = 7*t - 5*t. Suppose 0 = -3*n - 5*m + t, -n + 6 + 23 = m. Let k(l) = l**2 - 2*l + 9. What is the remainder when n is divided by k(0)?
7
Suppose 1 = 2*y + 2*u - 3, -5*y - u = -6. Let l = y - -68. Calculate the remainder when l is divided by 10 + (6 + -50)/(-11).
13
Suppose 10*j - 5*y = 11*j - 14, -2*j + 49 = -11*y. What is the remainder when 109 is divided by j?
14
Let o = -5 - -10. Suppose 116 = 2*b + 2*q + 2*q, 0 = o*b + q - 308. Suppose -13*d - 117 = -390. What is the remainder when b is divided by d?
20
Let d(i) = i**2 + 6*i - 13. Let b be ((-2)/6)/((-13)/78). Suppose 2*o = -r + 11, -r - 2 + 1 = -b*o. What is the remainder when d(r) is divided by 26?
16
Suppose -3497*r + 3467*r + 6711 + 2979 = 0. Calculate the remainder when 1580 is divided by r.
288
Suppose 0*g = -3*g + 102. Suppose -10 + g = 4*v. Calculate the remainder when 26 is divided by v.
2
Suppose 0 = 5*a + 188 - 533. Suppose -499*i + 10716 = 394*i. Calculate the remainder when a is divided by i.
9
Let d(c) = 8*c + 170. What is the remainder when 232 is divided by d(-18)?
24
Suppose 110*y + 83 - 2083 = 10*y. Suppose m + 6 = 4*m. Suppose 332 = 4*q - 5*n, m*q = -2*q - 2*n + 304. Calculate the remainder when q is divided by y.
18
Suppose -9 = -2*o - f, f + 26 = 5*o - 0*o. Suppose 5*z - 10 = 0, -5*y + o*z - 83 = 67. Calculate the remainder when (-122)/(-7) + 12/y is divided by 3.
2
Let v = 7934 - 6652. Calculate the remainder when v is divided by 92.
86
Let v = 19782 + -19626. Calculate the remainder when 316 is divided by v.
4
Let u(t) = -t**2 + 108*t - 1151. What is the remainder when u(14) is divided by 70?
25
Suppose -880*k + 1190 = -810*k. Let c = 74 + -40. What is the remainder when c is divided by k?
0
Suppose 154 + 54 = -2*o + 2*v, o = -4*v - 99. Let f = o + 101. What is the remainder when 27 is divided by (f/6)/((-17)/255)?
2
Let p = -50 - -48. Let t be p*1/3*(-60)/(-40). What is the remainder when 47 is divided by (-20 + t + 4)*-1?
13
Let m(j) = 5*j**3 - 6*j**2 - 2*j + 7. Let t be m(4). Let r = t - 202. Suppose -2*b - 18 = -5*b. What is the remainder when r is divided by b?
3
Let d = 9272 - 8885. Calculate the remainder when d is divided by 134.
119
Suppose 3*v = 7*v - 12. Suppose v*g + 78 = 5*g - 2*s, g + 3*s - 31 = 0. Suppose 0 = -3*t + 95 + g. What is the remainder when t is divided by 12?
8
Suppose 4*b = -31 + 27, -5*z + 309 = -4*b. Calculate the remainder when 207 is divided by z.
24
Suppose 3*w - 45 = -18. Let k = 2153 + -2101. What is the remainder when k is divided by w?
7
Let n = 17 - 6. Suppose 1651*f - 1714*f + 37 = -971. What is the remainder when f is divided by n?
5
Let y(x) = -1166 + 15*x**2 + 2*x + 1174 + 7*x**2. What is the remainder when y(-2) is divided by 24?
20
Let l = 509 + -304. Let a(j) = j**2 + 16*j + 107. What is the remainder when l is divided by a(-8)?
33
Let l(j) = -6*j**3 - j**2 + 9*j - 3. Let g be l(-3). Suppose 3*x - 2*d - 95 = 0, 33 + g = 5*x - d. Calculate the remainder when 86 is divided by x.
24
Suppose -4*p + 0*n + 123 = -n, -4*p - 4*n + 128 = 0. Suppose -s + 10131 = u + 9926, -2*s + 2*u + 410 = 0. What is the remainder when s is divided by p?
19
Suppose 61*f - 3044 = -238. What is the remainder when 641 is divided by f?
43
Let v = 36 + -16. Calculate the remainder when (-2)/(-59) - 2095522/(-22066) is divided by v.
15
Suppose 0 = -2*i - 17 + 9. Let j be -25*(i - -2 - (-72)/15). Let s = j - -92. Calculate the remainder when 42 is divided by s.
20
Let d(v) = v**2 + 1980*v - 68475. Calculate the remainder when (-32)/(-14) + (-4)/14 is divided by d(34).
0
Suppose t + 7 = 5*k - 43, 0 = 3*t - 2*k + 163. Let s = -95 - -163. Let d = t + s. Calculate the remainder when 101 is divided by d.
10
Let q(w) = -16*w + 5. Let y = 212 + -213. Calculate the remainder when q(y) is divided by 14.
7
Suppose -57*t - 47*t - 11328 = -16944. Calculate the remainder when 348 is divided by t.
24
Let p = -9 - -11. Suppose 0*l = 3*l + 3*c - 195, -p*c = 8. Suppose -z - 15 = 4*z, -5*b = 2*z - l. Calculate the remainder when b is divided by 6.
3
Let n be (((-34)/119)/(6/(-21)))/(-1). Let f(y) = -y**2 + y. Let q be f(1). Calculate the remainder when (0 - n) + 4 + q is divided by 4.
1
Let w(j) be the second derivative of -j**4/12 - 7*j**3/3 - 11*j**2 - 43*j - 2. What is the remainder when w(-9) is divided by 7?
2
Calculate the remainder when (-3 - -12)*(-80)/(-15) is divided by 26 - 4/(-10 + 11).
4
Let r(i) = 4*i**2 + i - 4. Calculate the remainder when r(7) is divided by 40/7*266/1482*39.
39
Suppose 5*g = 3*k + 182, k = -3*g - 2*k + 90. What is the remainder when 1*(g/(-68))/(1/(-778)) is divided by 7?
4
Let c = 127 - 124. Suppose 4*q - b = 2*q + 28, -c*b = -2*q + 24. Let m = -23 - -125. Calculate the remainder when m is divided by q.
12
Let m = -6771 + 6777. Suppose -4*u - 11 = 5. Let c = 19 - u. Calculate the remainder when c is divided by m.
5
Suppose 0 = -5203*a + 5211*a - 328. Calculate the remainder when 154 is divided by a.
31
Suppose 0 = 18*q - 26*q + 336. Suppose 0 = 3*a - a - q. Calculate the remainder when 78 is divided by a.
15
Let g = -1167 - -1190. Suppose 4*a + 3*y - 862 - 54 = 0, 0 = 2*a - 4*y - 436. Calculate the remainder when a is divided by g.
19
Suppose 105*w + 180*w - 237*w - 1200 = 0. Suppose 2*l - r + 3*r = 80, -180 = -5*l + 5*r. Calculate the remainder when l is divided by w.
13
Suppose 32 - 4 = -4*v. Let p(b) = -2*b**3 - 12*b**2 + 11*b - 12. What is the remainder when 33 is divided by p(v)?
6
Suppose 17187 - 4053 = 22*a. What is the remainder when a is divided by 71?
29
Suppose -5*o + 55 = -50. Let y = 94 + 91. What is the remainder when y is divided by o?
17
Suppose -3*d + 21*j = 19*j - 798, -4*j + 1024 = 4*d. Calculate the remainder when d is divided by 99.
64
Suppose 2*g - 233 = 3*j - 53, g - 77 = -5*j. Suppose -3*r + 27*p - 22*p